en g is divided by 5?
3
Let j(b) = -b + 3. Let v be j(-3). What is the remainder when ((-52)/v)/(2/(-9)) is divided by 10?
9
Suppose y = -2*y + 9. Let l be (-1)/y - 12/(-9). Let m(g) = 19*g. What is the remainder when 55 is divided by m(l)?
17
Suppose h = 6 + 88. Calculate the remainder when h is divided by 6.
4
Suppose 3*f - 169 - 140 = 0. Calculate the remainder when f is divided by 21.
19
Let q = 51 - 5. Suppose -s + 5*i + 8 = -3, -2*i = 2*s - q. Suppose 0 = k - s + 4. What is the remainder when k is divided by 9?
8
Let b = 28 + -17. Calculate the remainder when 20 is divided by b.
9
Let m(o) = 15*o - 5. Let n be m(4). Suppose 4*a - 1 = n. What is the remainder when 40 is divided by a?
12
Suppose 39 = 7*r - 6*r. What is the remainder when 77 is divided by r?
38
Let v(y) = 18*y**3 - 2*y**2 + 3*y - 1. Calculate the remainder when 64 is divided by v(1).
10
Suppose 0 = 2*l + 2*k - 49 - 1, 0 = -3*l + 3*k + 99. What is the remainder when 115 is divided by l?
28
Let i(y) = y + 1. Let o be i(3). Let m be o/16 - 38/(-8). Suppose -k - m = -2*k. What is the remainder when 14 is divided by k?
4
Suppose 4*o + 3*x + 15 = -o, -3*x = 0. Calculate the remainder when (1/o)/((-1)/57) is divided by 7.
5
Let w(c) = -c - 4 - 8*c - 7*c. What is the remainder when w(-3) is divided by (-2)/6*(-225)/5?
14
Suppose 5*w = -3*a + 20, 2*a - 8 = a - 2*w. Let k = a - -4. What is the remainder when 11 is divided by k?
3
Let i = -11 - -14. Let h be (4 - 0/(-2)) + -1. Let t(w) = -w**3 + 4*w**2 + w - 4. What is the remainder when t(h) is divided by i?
2
Suppose -3*m + m + 70 = 0. Let t = m + 0. Let u = 12 + 6. What is the remainder when t is divided by u?
17
Suppose -x - 15 = -4*x. Let k = 15 - x. Calculate the remainder when 28 is divided by k.
8
Let b be (-115)/(-35) + 4/(-14). Suppose b*y - 76 = -y. Calculate the remainder when y is divided by 10.
9
Suppose 35 = 5*b + 2*p, 0 = b + 3*b - 5*p - 61. Suppose 0*q = q - b. Let s(r) = r**2 + 3*r - 5. Calculate the remainder when q is divided by s(-5).
4
Let b = 9 - 7. Suppose w + 5*f + 75 = 6*w, 5*w + b*f = 103. Calculate the remainder when 56 is divided by w.
18
Let r(c) = -5*c**2 + 17*c + 8. Let y(v) = -v**2 + 4*v + 2. Let g(p) = -4*r(p) + 18*y(p). What is the remainder when g(-5) is divided by 12?
10
What is the remainder when 66 is divided by (-954)/(-42) + (-6)/(-21)?
20
Suppose -7*f + 6*f + 16 = 0. Calculate the remainder when 30 is divided by f.
14
Let c = -20 - -30. Calculate the remainder when 25 is divided by c.
5
Suppose 71 - 11 = 4*c. Let x = -9 + c. Let b = -7 + 24. What is the remainder when b is divided by x?
5
Suppose 0 = 3*b - 5*b + 24. What is the remainder when 21 is divided by b?
9
Let x(i) = 34*i**3 + i**2 - 1. What is the remainder when x(1) is divided by 9?
7
Suppose -a + 1 = -2. What is the remainder when 22 is divided by 4/(16/(-6) + a)?
10
Suppose -5*z + 19 = -6. Suppose 6*v - 4*v - 28 = 0. Calculate the remainder when v is divided by z.
4
Suppose 0 = -4*p - 614 + 22. Let j = -102 - p. What is the remainder when j is divided by 16?
14
What is the remainder when (-4)/18 - (5 + (-3392)/36) is divided by 18?
17
Suppose -a - 4 = -2*o + 14, -2*o - 5*a = -30. Calculate the remainder when 26 is divided by o.
6
Let z(n) = n**2 + 1. Let r be z(2). Let m(i) = i**2 - 3*i + 4. Calculate the remainder when 25 is divided by m(r).
11
Let d(n) = -19*n. Suppose -3*p - a + 7 = 0, -p - 2*p - 4*a = -10. What is the remainder when d(-1) is divided by (-1 + p)*-7*-1?
5
Let j = 24 - 4. What is the remainder when j is divided by 7?
6
Let k(o) = -26*o**3 + o**2. Suppose -3*l + 2*j = -5, 4*l = 3*j + 2*j + 16. Calculate the remainder when k(l) is divided by 14.
13
Let j be 2 - (-20 - 3) - 0. Suppose 2*w + 22 = 3*w + 2*h, -5*h = -j. Calculate the remainder when 34 is divided by w.
10
Let p(g) = 13*g**2 + g - 1. Suppose 0 = 2*c - 3*z - 26, c - z - 4*z = 27. What is the remainder when p(1) is divided by c?
6
Let t = -11 - -22. Calculate the remainder when 41 is divided by t.
8
Let o = -40 - -51. What is the remainder when o is divided by 6?
5
Let c(b) = -9*b + 1. Calculate the remainder when c(-3) is divided by 5.
3
What is the remainder when 40 is divided by 36/5 - (-4)/(-20)?
5
Let f(o) = -2*o - 1. Let a(s) = -4*s - 3. Let p(q) = 6*a(q) - 11*f(q). What is the remainder when (32/(-10))/((-2)/20) is divided by p(-9)?
10
Let v = 39 - 6. What is the remainder when 62 is divided by v?
29
Let b = 38 - 29. What is the remainder when 25 is divided by b?
7
What is the remainder when 16 + 3 + 1/(-1) is divided by 11?
7
Let f = 23 - -33. Let c(j) = 3*j - 2. Suppose -p + 1 + 6 = 0. Calculate the remainder when f is divided by c(p).
18
Let y(f) = f**3 + 7*f**2 + 6*f + 2. Let m be y(-6). Let d(u) = u**3 + 2*u**2 + u - 2. Calculate the remainder when d(m) is divided by 6.
4
Suppose t - 22 = -2*q + 86, 3*t + 92 = 2*q. What is the remainder when q is divided by 18?
16
Suppose v - 1 = 2. Suppose 0*w - 8 = 2*j + v*w, j = 5*w + 22. What is the remainder when 7 is divided by j?
1
Let t = -134 - -214. Calculate the remainder when t is divided by 42.
38
Let v(j) = 20*j**2 + 3*j + 1. Calculate the remainder when 34 is divided by v(-1).
16
Suppose -5*k = -k - 20. Suppose -k*b = -8*w + 4*w + 11, w = 3*b - 6. Calculate the remainder when 26 is divided by w.
8
What is the remainder when 12 is divided by (-8)/10*(-15)/6?
0
Let o = 4 - 4. Let d = o + 9. What is the remainder when 23 - 2*(-2 - -1) is divided by d?
7
Suppose 0 = -2*n - 2*n. Suppose n = -5*m + 3*m + 46. Let x = 66 + -54. What is the remainder when m is divided by x?
11
Suppose 4*t - 8 = 0, -3*v + 36 = -2*t + 1. Suppose -243 = -5*q - l, 0*q - q + 45 = 2*l. What is the remainder when q is divided by v?
10
Suppose -24*l + 20*l + 472 = 0. What is the remainder when l is divided by 15?
13
Suppose 5*o - 25 = -0. What is the remainder when 8 is divided by o?
3
Calculate the remainder when 37 is divided by 21/56 - (-101)/8.
11
Let x = -8 + 31. Calculate the remainder when 158 is divided by x.
20
Let o = 21 + -12. Suppose 5*n - 14 = 206. Let j = -29 + n. What is the remainder when j is divided by o?
6
Let m(y) = -2*y - y + 3*y**2 + y**3 - 30 + 32. Let t = -10 - -30. Calculate the remainder when t is divided by m(-3).
9
Let m be 19/((-4)/(-4)) + -1. Calculate the remainder when 18 is divided by (25/15)/(3/m).
8
Let d = 106 - 74. Let h = d - 12. What is the remainder when h is divided by ((-11)/2)/(2/(-4))?
9
Suppose 4*c = c + 2*k + 20, 5*k = -20. Suppose -c*f + 104 = -l + 5*l, -49 = -2*l - 5*f. Calculate the remainder when l is divided by 14.
13
Let n(i) = i**3 + 4*i**2 - 4. Calculate the remainder when 8 is divided by n(-2).
0
Let y(n) be the first derivative of 2*n**3/3 + 2*n**2 - 5*n + 1. Suppose 0 = -4*b - 19 + 3. What is the remainder when 32 is divided by y(b)?
10
What is the remainder when -4 - ((-22)/3)/((-2)/(-15)) is divided by 27?
24
Suppose -y - 3*y - 4*d = 4, 3*d + 7 = -y. What is the remainder when 6 is divided by y?
0
Let o(m) = m**3 + m**2 + m + 21. Let c be (2 - 6)*2/(-4). Suppose -c*k + 5*k + 22 = 2*q, 4*k = 0. What is the remainder when o(0) is divided by q?
10
Suppose 4*c - 148 = -4*a, 2*a - c - 68 = -6*c. Let s = 35 - 25. Calculate the remainder when a is divided by s.
9
Let z(p) = -p - 2. Let k be z(-2). Suppose -2*s - 74 = -3*b, -3*b - 2*s = -k*b - 58. What is the remainder when b is divided by 12?
10
Let n(i) = -2*i. Let m be n(-1). Let j(o) = 10*o - 1. Let r = 115 - 108. Calculate the remainder when j(m) is divided by r.
5
Suppose -4*u - 4*j = -0*u - 84, -5*u = -3*j - 89. Let l = -10 + u. Calculate the remainder when 26 is divided by l.
8
Let k = -12 + 21. What is the remainder when 15 is divided by k?
6
Let f(v) = -v**2 - 14*v - 26. Let d = 30 - 9. Let b = -13 + d. What is the remainder when f(-10) is divided by b?
6
Suppose 2*u - 2*l = -3*u + 24, -u - l + 2 = 0. Suppose -u*t = k - 295, -4*t - 84 = 5*k - 391. Calculate the remainder when t is divided by 19.
16
Let z be (2 - 0) + (-4)/(-1). Let w = 22 - z. Calculate the remainder when w is divided by 0 - 6*6/(-4).
7
Let t(z) = 2*z - 1. Let q(b) = -b**2 - b + 5. Let w be q(0). Suppose w*v - 2 + 17 = 0, -2*r + 15 = -v. What is the remainder when t(6) is divided by r?
5
Suppose t - 5*a - 29 = -0*t, 0 = 2*t - 2*a - 58. Suppose -2*w 